What are the prime factors of 307958?
2, 7, 21997
What are the prime factors of 896884?
2, 224221
What are the prime factors of 538058?
2, 269029
What are the prime factors of 5062699?
47, 107717
List the prime factors of 190009.
17, 11177
What are the prime factors of 14842?
2, 41, 181
What are the prime factors of 156762?
2, 3, 2903
What are the prime factors of 2617067?
2617067
What are the prime factors of 310161?
3, 103387
List the prime factors of 1029993.
3, 29, 11839
What are the prime factors of 151590?
2, 3, 5, 31, 163
What are the prime factors of 10273045?
5, 2054609
List the prime factors of 441225.
3, 5, 37, 53
List the prime factors of 426856.
2, 229, 233
What are the prime factors of 10029019?
7, 11, 13, 43, 233
What are the prime factors of 21821094?
2, 3, 1212283
List the prime factors of 7413851.
7413851
List the prime factors of 24725483.
23, 1075021
What are the prime factors of 286303?
41, 6983
List the prime factors of 581550.
2, 3, 5, 3877
List the prime factors of 1306976.
2, 11, 47, 79
List the prime factors of 12126204.
2, 3, 167, 2017
List the prime factors of 8048986.
2, 11, 71, 5153
What are the prime factors of 3627410?
2, 5, 362741
List the prime factors of 271926.
2, 3, 15107
What are the prime factors of 181076?
2, 7, 29, 223
List the prime factors of 541614.
2, 3, 19, 4751
List the prime factors of 11744.
2, 367
What are the prime factors of 8716291?
17, 47, 10909
List the prime factors of 39706.
2, 19853
List the prime factors of 3383064.
2, 3, 19, 2473
List the prime factors of 4673056.
2, 146033
List the prime factors of 33737.
11, 3067
What are the prime factors of 13606054?
2, 7, 11, 53, 1667
List the prime factors of 634162.
2, 109, 2909
What are the prime factors of 28481807?
28481807
List the prime factors of 2700075.
3, 5, 7, 37, 139
List the prime factors of 504949.
43, 11743
List the prime factors of 34274221.
59, 580919
What are the prime factors of 318399?
3, 211, 503
List the prime factors of 205579.
11, 1699
List the prime factors of 1835544.
2, 3, 76481
What are the prime factors of 6517222?
2, 17, 103, 1861
List the prime factors of 399987.
3, 7, 907
What are the prime factors of 211424?
2, 6607
What are the prime factors of 3704077?
13, 499, 571
What are the prime factors of 327181?
97, 3373
List the prime factors of 9191649.
3, 19, 47, 73
What are the prime factors of 284670?
2, 3, 5, 3163
List the prime factors of 34956989.
4909, 7121
List the prime factors of 6374634.
2, 3, 7, 23, 6599
List the prime factors of 10492620.
2, 3, 5, 174877
List the prime factors of 249533.
249533
What are the prime factors of 88680?
2, 3, 5, 739
List the prime factors of 280937.
499, 563
What are the prime factors of 1130393?
11, 102763
What are the prime factors of 601128?
2, 3, 11, 23
What are the prime factors of 394428?
2, 3, 32869
List the prime factors of 1284063.
3, 11, 167, 233
What are the prime factors of 511471?
59, 8669
What are the prime factors of 515289?
3, 171763
List the prime factors of 1009722.
2, 3, 7, 29, 829
What are the prime factors of 1276485?
3, 5, 7, 12157
What are the prime factors of 7436978?
2, 3718489
What are the prime factors of 7796885?
5, 23, 151, 449
List the prime factors of 1249500.
2, 3, 5, 7, 17
List the prime factors of 2699438.
2, 7, 192817
What are the prime factors of 4202564?
2, 29, 36229
List the prime factors of 1135392.
2, 3, 11827
List the prime factors of 18348475.
5, 733939
List the prime factors of 8780.
2, 5, 439
List the prime factors of 221218.
2, 110609
List the prime factors of 8117027.
8117027
What are the prime factors of 459537?
3, 13, 11783
What are the prime factors of 1410635?
5, 282127
What are the prime factors of 3750949?
37, 101377
What are the prime factors of 402202?
2, 201101
What are the prime factors of 14927155?
5, 2985431
List the prime factors of 550791.
3, 19, 3221
What are the prime factors of 296619?
3, 98873
What are the prime factors of 670588?
2, 23, 37, 197
What are the prime factors of 1996357?
11, 97, 1871
List the prime factors of 14658.
2, 3, 7, 349
List the prime factors of 9224465.
5, 29, 63617
What are the prime factors of 1540014?
2, 3, 7, 37, 991
List the prime factors of 33682.
2, 11, 1531
List the prime factors of 8764398.
2, 3, 53, 9187
List the prime factors of 1732616.
2, 216577
What are the prime factors of 774260?
2, 5, 38713
List the prime factors of 18987170.
2, 5, 29, 233, 281
What are the prime factors of 3639857?
13, 41, 6829
List the prime factors of 19460270.
2, 5, 659, 2953
What are the prime factors of 228604?
2, 67, 853
List the prime factors of 7822646.
2, 13, 43, 6997
What are the prime factors of 1961608?
2, 11, 22291
What are the prime factors of 172446?
2, 3, 41, 701
List the prime factors of 242262.
2, 3, 43, 313
What are the prime factors of 326857?
19, 17203
What are the prime factors of 872389?
7, 17, 7331
What are the prime factors of 110048?
2, 19, 181
List the prime factors of 112814.
2, 13, 4339
List the prime factors of 754199.
31, 24329
List the prime factors of 78693.
3, 17, 1543
What are the prime factors of 8987969?
19, 419, 1129
List the prime factors of 53420.
2, 5, 2671
What are the prime factors of 11320868?
2, 13, 43, 61, 83
What are the prime factors of 136123?
13, 37, 283
What are the prime factors of 681552?
2, 3, 4733
List the prime factors of 15545046.
2, 3, 11, 317, 743
What are the prime factors of 6338?
2, 3169
What are the prime factors of 5499042?
2, 3, 916507
What are the prime factors of 79611?
3, 7, 17, 223
What are the prime factors of 3285862?
2, 17, 96643
What are the prime factors of 6677546?
2, 3338773
List the prime factors of 14719370.
2, 5, 1471937
List the prime factors of 8706827.
79, 307, 359
What are the prime factors of 276788?
2, 69197
What are the prime factors of 1727680?
2, 5, 5399
List the prime factors of 39828222.
2, 3, 7, 316097
List the prime factors of 5584884.
2, 3, 465407
What are the prime factors of 162398?
2, 81199
What are the prime factors of 332903?
332903
List the prime factors of 8517089.
7, 71, 17137
What are the prime factors of 931881?
3, 310627
What are the prime factors of 214505?
5, 42901
List the prime factors of 173704.
2, 21713
What are the prime factors of 269018?
2, 31, 4339
List the prime factors of 604667.
7, 86381
What are the prime factors of 217673?
109, 1997
What are the prime factors of 4364989?
4364989
What are the prime factors of 797918?
2, 11, 36269
What are the prime factors of 1020962?
2, 510481
What are the prime factors of 241213?
7, 17, 2027
What are the prime factors of 51762?
2, 3, 8627
What are the prime factors of 426325?
5, 17053
What are the prime factors of 1511844?
2, 3, 17, 7411
List the prime factors of 447727.
7, 167, 383
What are the prime factors of 26325177?
3, 769, 11411
List the prime factors of 11003558.
2, 5501779
What are the prime factors of 3052738?
2, 13, 117413
List the prime factors of 384500.
2, 5, 769
List the prime factors of 1376088.
2, 3, 7, 8191
List the prime factors of 8256641.
109, 211, 359
What are the prime factors of 15980640?
2, 3, 5, 13, 197
List the prime factors of 856490.
2, 5, 41, 2089
What are the prime factors of 915513?
3, 43, 47, 151
What are the prime factors of 1415116?
2, 281, 1259
List the prime factors of 11664957.
3, 683, 5693
What are the prime factors of 298324?
2, 13, 5737
List the prime factors of 12133599.
3, 4044533
What are the prime factors of 955901?
955901
List the prime factors of 389230.
2, 5, 38923
List the prime factors of 557202.
2, 3, 92867
What are the prime factors of 250940?
2, 5, 12547
List the prime factors of 6872308.
2, 23, 74699
What are the prime factors of 122646?
2, 3, 20441
What are the prime factors of 19171422?
2, 3, 229, 4651
List the prime factors of 2742086.
2, 1049, 1307
List the prime factors of 188476.
2, 47119
What are the prime factors of 2306937?
3, 768979
What are the prime factors of 4250027?
4250027
List the prime factors of 14968345.
5, 7, 647, 661
What are the prime factors of 687006?
2, 3, 38167
What are the prime factors of 654875?
5, 13, 31
List the prime factors of 395726.
2, 17, 103, 113
List the prime factors of 2304759.
3, 139, 5527
What are the prime factors of 2613704?
2, 239, 1367
List the prime fac